of 2008.
2, 251
What are the prime factors of 47298?
2, 3, 7883
What are the prime factors of 5913?
3, 73
List the prime factors of 7531.
17, 443
List the prime factors of 629.
17, 37
List the prime factors of 7929.
3, 881
What are the prime factors of 1503?
3, 167
What are the prime factors of 403?
13, 31
List the prime factors of 146347.
146347
List the prime factors of 20114.
2, 89, 113
List the prime factors of 7013.
7013
What are the prime factors of 12599?
43, 293
What are the prime factors of 78023?
11, 41, 173
List the prime factors of 1785.
3, 5, 7, 17
List the prime factors of 59580.
2, 3, 5, 331
List the prime factors of 21965.
5, 23, 191
What are the prime factors of 78425?
5, 3137
What are the prime factors of 5372?
2, 17, 79
What are the prime factors of 4667?
13, 359
What are the prime factors of 11325?
3, 5, 151
List the prime factors of 75080.
2, 5, 1877
What are the prime factors of 3800?
2, 5, 19
What are the prime factors of 22237?
37, 601
What are the prime factors of 32736?
2, 3, 11, 31
What are the prime factors of 8781?
3, 2927
What are the prime factors of 64461?
3, 21487
What are the prime factors of 11865?
3, 5, 7, 113
List the prime factors of 21532.
2, 7, 769
List the prime factors of 7643.
7643
What are the prime factors of 3470?
2, 5, 347
List the prime factors of 777.
3, 7, 37
List the prime factors of 12062.
2, 37, 163
What are the prime factors of 22632?
2, 3, 23, 41
List the prime factors of 854.
2, 7, 61
What are the prime factors of 7720?
2, 5, 193
List the prime factors of 704.
2, 11
List the prime factors of 4311.
3, 479
What are the prime factors of 852?
2, 3, 71
What are the prime factors of 336?
2, 3, 7
What are the prime factors of 10435?
5, 2087
List the prime factors of 2577.
3, 859
List the prime factors of 1156.
2, 17
What are the prime factors of 1357?
23, 59
List the prime factors of 3167.
3167
List the prime factors of 9700.
2, 5, 97
List the prime factors of 596.
2, 149
What are the prime factors of 211?
211
What are the prime factors of 2723?
7, 389
What are the prime factors of 3306?
2, 3, 19, 29
List the prime factors of 16944.
2, 3, 353
List the prime factors of 14257.
53, 269
What are the prime factors of 1030?
2, 5, 103
List the prime factors of 2206.
2, 1103
What are the prime factors of 36616?
2, 23, 199
What are the prime factors of 15765?
3, 5, 1051
List the prime factors of 45836.
2, 7, 1637
What are the prime factors of 5?
5
What are the prime factors of 60037?
60037
List the prime factors of 3685.
5, 11, 67
What are the prime factors of 1251?
3, 139
List the prime factors of 10839.
3, 3613
What are the prime factors of 2130?
2, 3, 5, 71
List the prime factors of 621.
3, 23
What are the prime factors of 39018?
2, 3, 7, 929
What are the prime factors of 30302?
2, 109, 139
List the prime factors of 425.
5, 17
List the prime factors of 11317.
11317
List the prime factors of 60221.
7, 1229
List the prime factors of 392.
2, 7
What are the prime factors of 9372?
2, 3, 11, 71
List the prime factors of 136457.
61, 2237
List the prime factors of 170.
2, 5, 17
What are the prime factors of 996?
2, 3, 83
What are the prime factors of 1357?
23, 59
What are the prime factors of 2017?
2017
List the prime factors of 375.
3, 5
What are the prime factors of 8428?
2, 7, 43
List the prime factors of 66220.
2, 5, 7, 11, 43
List the prime factors of 13916.
2, 7, 71
What are the prime factors of 9331?
7, 31, 43
List the prime factors of 1901.
1901
What are the prime factors of 5034?
2, 3, 839
List the prime factors of 120.
2, 3, 5
List the prime factors of 1825.
5, 73
List the prime factors of 220.
2, 5, 11
List the prime factors of 6235.
5, 29, 43
What are the prime factors of 3316?
2, 829
What are the prime factors of 58079?
7, 8297
What are the prime factors of 15753?
3, 59, 89
What are the prime factors of 48210?
2, 3, 5, 1607
List the prime factors of 15444.
2, 3, 11, 13
List the prime factors of 30248.
2, 19, 199
List the prime factors of 796.
2, 199
What are the prime factors of 43347?
3, 14449
List the prime factors of 1228.
2, 307
List the prime factors of 22110.
2, 3, 5, 11, 67
List the prime factors of 8208.
2, 3, 19
What are the prime factors of 661?
661
List the prime factors of 27633.
3, 61, 151
List the prime factors of 41554.
2, 79, 263
What are the prime factors of 270?
2, 3, 5
What are the prime factors of 624?
2, 3, 13
What are the prime factors of 22305?
3, 5, 1487
What are the prime factors of 1361?
1361
List the prime factors of 21945.
3, 5, 7, 11, 19
What are the prime factors of 10849?
19, 571
List the prime factors of 2545.
5, 509
List the prime factors of 36513.
3, 4057
List the prime factors of 36656.
2, 29, 79
List the prime factors of 1098.
2, 3, 61
What are the prime factors of 2379?
3, 13, 61
List the prime factors of 1596.
2, 3, 7, 19
List the prime factors of 12104.
2, 17, 89
What are the prime factors of 6400?
2, 5
List the prime factors of 2317.
7, 331
List the prime factors of 2008.
2, 251
List the prime factors of 12489.
3, 23, 181
List the prime factors of 2422.
2, 7, 173
What are the prime factors of 3211?
13, 19
What are the prime factors of 737?
11, 67
What are the prime factors of 2121?
3, 7, 101
What are the prime factors of 5411?
7, 773
What are the prime factors of 224?
2, 7
What are the prime factors of 55856?
2, 3491
List the prime factors of 1188.
2, 3, 11
What are the prime factors of 4679?
4679
List the prime factors of 295.
5, 59
List the prime factors of 29320.
2, 5, 733
List the prime factors of 8645.
5, 7, 13, 19
List the prime factors of 60087.
3, 20029
What are the prime factors of 5331?
3, 1777
List the prime factors of 578.
2, 17
What are the prime factors of 4142?
2, 19, 109
List the prime factors of 4660.
2, 5, 233
What are the prime factors of 41513?
41513
List the prime factors of 1704.
2, 3, 71
List the prime factors of 2940.
2, 3, 5, 7
What are the prime factors of 22015?
5, 7, 17, 37
What are the prime factors of 29306?
2, 14653
List the prime factors of 101536.
2, 19, 167
What are the prime factors of 1390?
2, 5, 139
What are the prime factors of 5530?
2, 5, 7, 79
What are the prime factors of 374?
2, 11, 17
What are the prime factors of 502?
2, 251
List the prime factors of 64103.
13, 4931
List the prime factors of 794.
2, 397
List the prime factors of 60092.
2, 83, 181
List the prime factors of 9465.
3, 5, 631
List the prime factors of 15163.
59, 257
List the prime factors of 32917.
32917
List the prime factors of 2734.
2, 1367
What are the prime factors of 21395?
5, 11, 389
What are the prime factors of 10722?
2, 3, 1787
List the prime factors of 4455.
3, 5, 11
What are the prime factors of 4596?
2, 3, 383
List the prime factors of 99829.
99829
What are the prime factors of 6029?
6029
What are the prime factors of 63439?
63439
List the prime factors of 2004.
2, 3, 167
List the prime factors of 1739.
37, 47
List the prime factors of 643.
643
What are the prime factors of 14635?
5, 2927
List the prime factors of 64050.
2, 3, 5, 7, 61
What are the prime factors of 8433?
3, 937
List the prime factors of 7252.
2, 7, 37
What are the prime factors of 418?
2, 11, 19
What are the prime factors of 82?
2, 41
What are the prime factors of 2025?
3, 5
What are the prime factors of 3846?
2, 3, 641
What are the prime factors of 1297?
1297
What are the prime factors of 1124?
2, 281
List the prime factors of 966.
2, 3, 7, 23
What are the prime factors of 812?
2, 7, 29
List the prime factors of 49503.
3, 29, 569
List the prime factors of 549.
3, 61
List the prime factors of 967.
967
What are the prime factors of 1986?
2, 3, 331
What are the prime factors of 12387?
3, 4129
List the prime factors of 13226.
2, 17, 389
What are the prime factors of 731?
17, 43
What are the prime factors of 175991?
175991
What are the prime factors of 16690?
2, 5, 1669
What are the prime factors of 1304?
2, 163
What are the prime factors of 1067?
11, 97
List the prime factors of 40027.
13, 3079
List the prime factors of 18228.
2, 3, 7, 31
What are the prime factors of 5284?
2, 1321
List the prime factors of 1708.
2, 7, 61
List the prime factors of 7476.
2, 3, 7, 89
List the prime factors of 56011.
79, 709
What are the prime factors of 44379?
3, 4931
List the prime factor